 -2)/(-1) + 4. Suppose 3*s - n = 14, 4*s - n = f*n + 32. Let q be 1 + 88 + s + -1. What is the greatest common factor of q and 13?
13
Suppose r + 7 = -3*s, 4 = 2*s - 5*r + 20. Let b be -6*-4*(-2)/s. Calculate the highest common divisor of b and 40.
8
Let l = 5 - 13. Let u(h) = -h**3 - 10*h**2 + 6*h - 6. Let x be u(l). Let c be (-3)/(-6) - x/4. What is the highest common factor of 115 and c?
23
Let a(l) = -4*l**3 + 2*l**2 + 6*l + 3. Let u be a(-2). Let q = u - 15. Calculate the greatest common factor of 176 and q.
16
Suppose 7*m + 6*m - 260 = 0. What is the highest common divisor of 4 and m?
4
Let g = -83 - -191. Let a = g + -43. Let b(l) = l**2 + 12*l - 38. Let z be b(-16). Calculate the greatest common divisor of z and a.
13
Suppose y + 122 = 5*f - 65, f + y - 35 = 0. What is the highest common divisor of f and 296?
37
Let k(j) be the second derivative of -j**5/20 + 2*j**4/3 + 5*j**3/3 + 7*j**2/2 - 13*j. Let s be k(9). Calculate the greatest common factor of s and 112.
16
Let f be (1/(-5))/(-1) - (-42176)/320. Calculate the greatest common factor of 24 and f.
12
Let y = 21 - 12. Suppose -j = -3*b + 6, -3*j + 2 = b - 0. Suppose b = -k - 3, h - 16 = 3*k. Calculate the greatest common factor of y and h.
1
Let m be (570/(-9))/(8/(-12)). Suppose 0*j = -5*j + m. Suppose -5*c - 3*r - 2*r + 670 = 0, 535 = 4*c + 3*r. What is the highest common divisor of j and c?
19
Let a = -25 + 40. Let l(n) = n**3 - 14*n**2 - 8*n - 14. Let t be l(a). Calculate the highest common factor of 13 and t.
13
Suppose -9 = -16*h + 23. What is the greatest common divisor of h and 121?
1
Let n = -8157 - -8175. Suppose 0 = -3*f - s + 433, 147 = f + s + 2*s. Calculate the highest common divisor of n and f.
18
Let t = 50 - -58. Let j(x) = -169*x + 1. Let m be j(-3). Let w be m/42 - 4/42. Calculate the highest common factor of w and t.
12
Let g be 8 + -1 + -4 + 1. Let i be (98/4)/(10/g - 2). What is the greatest common factor of i and 14?
7
Suppose -2*o + 308 = -0*o. Let i(w) = -14*w - 28. Suppose -4*s = 3*d + 9, -2*s + d = 3*s + 16. Let h be i(s). What is the greatest common factor of o and h?
14
Suppose 5*v + 542 = 137*a - 134*a, 0 = 3*a - 2*v - 548. What is the highest common factor of 32 and a?
8
Let b(s) = 35*s + 2. Let j be b(2). Let a(i) = -i**3 + 88*i**2 - 251*i - 4. Let z be a(3). Calculate the greatest common divisor of z and j.
8
Let o be (-29)/(-9) + 2/(-9). Let x = 12 - o. Suppose -4*p + x = -3*p. Calculate the greatest common divisor of p and 9.
9
Suppose -16 = 2*v - 12. Let k be -1 - (3 - -307)/v. Calculate the greatest common divisor of 14 and k.
14
Let u(v) = 83*v - 1190. Let b be u(15). Calculate the highest common factor of 160 and b.
5
Let g be 0 + (-58)/10*-5. What is the highest common divisor of 667 and g?
29
Suppose -35*y + 5795 = -10165. What is the greatest common divisor of y and 171?
57
Suppose -3*c - 105 = -4*d, -3*c + 66 + 9 = 2*d. Suppose f = -0*u - u + 1, 3*u + f = 13. What is the highest common divisor of d and u?
6
Let r = 776 + -755. Calculate the highest common divisor of 483 and r.
21
Suppose -2*o + 3*s + 7 + 2 = 0, -o + 37 = 5*s. What is the highest common factor of 384 and o?
12
Let w = -220 + 440. Suppose 19*g = 14*g + w. What is the greatest common factor of g and 4?
4
Suppose -60*m + 67*m = 560. What is the highest common factor of m and 5?
5
Let d(n) = -6 + 16*n + 6 + 2*n. Let z(k) = k**2 - 5*k - 5. Let j be z(6). Let h be d(j). Calculate the highest common factor of 9 and h.
9
Let t = -89 + 35. Let j = -12 - t. Let c = 88 - 25. What is the greatest common divisor of j and c?
21
Let a be 51*(-9)/2*(-4)/3. What is the highest common factor of a and 170?
34
Suppose 3*c - 1 = 2. Suppose 155 = 46*i + 109. What is the greatest common divisor of c and i?
1
Let j = 88 - 63. Let q be 6/(-21) - (-177)/7. Calculate the highest common divisor of q and j.
25
Suppose v + 3*v + 3*f = -5, -3*v + 4*f + 15 = 0. Suppose 4*x + p + v = 0, 5*x - 6 = 2*p + 9. What is the highest common divisor of x and 7?
1
Let o be -1 - 3/(-6)*(12 - 0). Suppose o*m + 4*z + 39 = 272, 5*z = -2*m + 100. Suppose 0*n - 4*n + 20 = 0. What is the highest common factor of m and n?
5
Let y be 2 - (-62 + (2 - -6)). Calculate the highest common factor of 98 and y.
14
Let d(o) = 1516*o. Let k be d(1). Suppose r + 4*r = -15. Let t be k/16 + r/(-12). Calculate the highest common factor of t and 38.
19
Let t = 197 + -50. Let n = t + -39. Calculate the greatest common factor of n and 36.
36
Suppose 0 = m - 3*m - 5*g + 1, -2*m - 7 = -3*g. Let u be m/(-10) + 138/10. Let t be 2/4 + (-324)/(-24). Calculate the highest common divisor of u and t.
14
Let q be (-24)/(-42) - 1416/(-21). What is the greatest common divisor of 1 and q?
1
Suppose 0 = x + 4*z - 53, 2*x - 95 + 9 = 2*z. Let h = -44 + x. Calculate the highest common divisor of 4 and h.
1
Suppose -t + 4*l + 48 = 0, 0 = 5*t + l - 85 - 71. Calculate the greatest common factor of t and 4.
4
Let q be -1 + (512/4 - 6). Calculate the highest common divisor of 44 and q.
11
Suppose -4*i + 0*i + 1184 = 0. Let d = 443 - i. Let v be ((-63)/(-12))/(1/4). Calculate the greatest common divisor of d and v.
21
Let c = 15 - 12. Let b(v) = -3*v + 3. Let f be b(c). Let x be 28 + f + (-3 - -7). Calculate the greatest common divisor of 65 and x.
13
Let z be (-6)/36*44*3/(-2). Let l(q) = 3*q**2 - 5*q - 2. Let t be l(-3). Let a = t + -29. What is the greatest common divisor of a and z?
11
Let q = 62 + -48. Let x(d) = d - 11. Let p be x(q). Calculate the greatest common divisor of 15 and p.
3
Suppose -4*g - 2 = 10. Let n be 18 - g/((-6)/4). What is the greatest common factor of n and 4?
4
Suppose 4*x - 76 = -28. Suppose -q - q + 96 = 0. What is the greatest common divisor of q and x?
12
Suppose 5*o - 173 - 7 = 0. Suppose 2*s - 84 = -2*s. Suppose -n + s = 3*w, -5*n + 110 = 4*w + 38. What is the highest common divisor of n and o?
12
Let q be 29 - (3/(-30) + (-4)/(-40)). Calculate the highest common divisor of 551 and q.
29
Let p(c) = -c**2 - 8*c + 22. Let b be p(-10). Let y be (-3 + b)*3/(-3). Calculate the greatest common factor of 7 and y.
1
Let a = 39 + -34. Suppose 2*v - 29 = -a*p, 12 = v + p + p. Calculate the greatest common factor of 3 and v.
1
Suppose 0 = -7*o + 5*o + q + 557, o = 4*q + 275. Calculate the greatest common factor of 372 and o.
93
Let z(x) = -x. Let j be z(-1). Let s = j - -11. Let w = 3 - -3. What is the greatest common factor of s and w?
6
Let d(u) = -u + 4. Suppose 0 = -10*s + 17 - 7. Let p be d(s). Calculate the highest common divisor of 6 and p.
3
Suppose 216*o + 105 = 219*o. Calculate the greatest common factor of 175 and o.
35
Suppose 0 = -3*t - 0*t + 186. Suppose -2*l = -0*l - t. Suppose -3*d = -2*k + l, -3*k - d + 13 = -28. What is the highest common divisor of 42 and k?
14
Let z(m) = -624*m + 8793. Let k be z(14). Suppose -11 = -3*w + 46. What is the highest common divisor of k and w?
19
Let i be ((-26)/(-8))/((-2)/(-8)). Let k = -9 + i. Let c be -1 + 79 + (k - 2). Calculate the highest common divisor of c and 32.
16
Let x(q) = q**2 - 2. Suppose 3*i - 5*p + 3 = 0, 4*p + 7 = 4*i + p. Let l be x(i). Let m be 3/12 - (-391)/4. Calculate the greatest common factor of m and l.
14
Suppose 5*z + 110 = -9*r + 14*r, -z = 2*r - 41. What is the highest common divisor of r and 1890?
21
Suppose 33*o - y = 35*o - 1760, 3*y = 0. What is the highest common divisor of o and 80?
80
Suppose 0*w - 2*w - 4*x + 14 = 0, -3*w + 22 = 5*x. Let c = 90 - 27. What is the highest common factor of c and w?
9
Suppose -s + 0 = g - 3, 0 = 5*s + g - 27. Let p be ((-48)/s)/((-4)/14). Calculate the highest common divisor of 7 and p.
7
Let s(w) = -14. Let l(u) = -u + 27. Let k(n) = -3*l(n) - 5*s(n). Let b be k(8). Let i = 66 + -14. What is the highest common divisor of b and i?
13
Let g be (2/(-22))/((-12)/132). Let o be (0 - 2)*(-2 + 1). What is the greatest common factor of o and g?
1
Let y be 4 + 10 + 2 - 0. Let a(t) = t**2 - 9*t - 13. Let d be a(y). Calculate the highest common divisor of d and 11.
11
Let r(o) = o - 2. Let m be r(5). Let f(l) = l**2 + 3*l - 3. Let n be f(-3). Let x = 30 + n. Calculate the highest common factor of m and x.
3
Let n = 61 - 62. Let v be (0 - n) + (2 + -4 - -9). Suppose -5*o = -0*o - 280. What is the greatest common factor of o and v?
8